 Calculate a(t).
-1
Let d(c) = 23*c**3 - 45*c**2 + 17*c - 9. Let i(p) = 8*p**3 - 16*p**2 + 6*p - 3. Let n(h) = -6*d(h) + 17*i(h). Give n(2).
-21
Let h(v) be the first derivative of v**4/4 + v**3/3 - v - 20. Let i be h(-2). Let y(j) = j**3 + 9*j**2 - 2*j - 1 - 5*j**2 - 5 + j**2. Calculate y(i).
4
Suppose 0 = 10*j - 52 - 138. Suppose j*q = 16*q + 6. Let y(v) = -7*v + 12. Determine y(q).
-2
Let t(i) = -i**2 + 10*i + 19. Let n be (-1 + 77/(-7))*-1. Let a be t(n). Let u(h) = h**3 + 6*h**2 + 3*h - 5. Determine u(a).
5
Let o(x) = 34*x**3 - 21*x**2 + 14*x + 16. Let p(r) = 15*r**3 - 10*r**2 + 6*r + 8. Let y(h) = 4*o(h) - 9*p(h). Determine y(-4).
16
Let l = -18 - -16. Let t = -2 - l. Let p(j) = -9 - 10 - 2*j**2 + 8 + j**2 - j. Calculate p(t).
-11
Let n = 422 - 430. Let j be (-5 + 6)*(n + -1). Let d(g) = 3*g**2 + 8*g + 12. Let l(y) = -y**2 + y. Let w(u) = d(u) + 2*l(u). Calculate w(j).
3
Let q(l) be the third derivative of -2*l**5/3 - l**4/4 - 11*l**3/6 + 3*l**2 + 27*l - 6. What is q(-2)?
-159
Let f(z) = -105*z**2 + 18*z - 13. Let p(u) = 87*u**2 - 23*u + 13. Let h(t) = 5*f(t) + 6*p(t). What is h(-16)?
13
Let w = -84 + 16. Let s = 72 + w. Let i be (1 + 39/9)/(s/6). Let v(c) = c**2 - 10*c + 12. Give v(i).
-4
Let k(b) = -b**2 + 6*b + 9. Let x be -7 + (0 - -1)*3 + 14. Let u be (-8 + 3)/x + 30/4. Determine k(u).
2
Let t(p) be the first derivative of 7*p**4/2 - p**3/3 + p + 2. Suppose 297*i + 2*w - 18 = 295*i, 20 = 2*w. Determine t(i).
-14
Let t(u) = 76*u + 6. Let a(q) = -203*q - 19. Let n(v) = -3*a(v) - 8*t(v). Let k be (-6 + -1)*1 - -3. Give n(k).
5
Let c(g) = -g**3 + 24*g**2 - 94*g. Let b be c(5). Let f(i) = -2*i**2 + 6*i - 10. What is f(b)?
-30
Let v(h) = 3*h - 127. Let o(y) = 28*y - 1444. Let k be o(53). Give v(k).
-7
Let k(u) = 2*u + 5. Let t be (-875)/(-15) + 6/(-18). Suppose -44 = -2*c - t. Calculate k(c).
-9
Let l(p) = 88*p + 2. Let u(y) = -175*y - 6. Let m(h) = -2*l(h) - u(h). Let n(o) = o**2 - 4*o - 5. Let c be n(5). Calculate m(c).
2
Suppose t = -8*t + 1134. Let u be (12/t*27)/(6/112). Let c = -48 + u. Let n(a) = a + 5. Determine n(c).
5
Suppose 0 = -2*u + u + 2. Let j = -1026 + 2930. Let g(b) = 1904 - j + 2*b. Give g(u).
4
Let o(q) = q**2 + 4*q - 13. Let i(f) = -f**3 - 22*f**2 - 42*f - 35. Let c be i(-20). Calculate o(c).
32
Let n(m) = 11*m**2 - 4*m. Let k(s) = -25*s**2 + 9*s + 1. Let j(a) = 6*k(a) + 13*n(a). Give j(3).
-51
Let z(q) = q**3 - 8*q**2 + 13*q - 14. Let l be 0 - 32/(-6) - 1052/(-1578). Calculate z(l).
-8
Let f(g) = -g**3 + 12*g**2 + 4*g - 21. Let l = 2607 - 2595. What is f(l)?
27
Let l(x) be the third derivative of x**6/120 - x**5/10 - 3*x**4/8 + 2*x**3 + 2*x**2 + 5111. Suppose 2*n - 8 = -2*p, -p = 4*p + 15. Give l(n).
-2
Let g(k) = -9*k**2 - 3*k - 10. Suppose 69*s + 12 = -4*f + 71*s, -4*f + 3*s - 14 = 0. Calculate g(f).
-40
Let t be (-1635)/(-75) + (-1)/(-5). Suppose -36*x + t = -34*x. Let q(k) = k**3 - 11*k**2 + k - 11. Determine q(x).
0
Let k(c) = 4*c - 6*c - 24*c**3 + 55*c**3 - 28*c**3 - 12 + 6*c**2 - 6*c. Determine k(-3).
-15
Let o be 20/(-50) + 314/10. Let j = o - 50. Let n = -11 - j. Let l(d) = -d**3 + 9*d**2 - 11*d + 11. What is l(n)?
-13
Let y(i) = i**3 + 13*i**2 + 27*i + 2. Let u be y(-8). Let b = u - 108. Let d(g) be the third derivative of g**6/60 + g**5/15 + g**4/12 + 4*g**2. Determine d(b).
-4
Let x(w) be the third derivative of 1/6*w**3 + 11*w**2 - 1/24*w**4 + 0*w + 3. Determine x(9).
-8
Let y(c) = -4*c**3 - 6*c**2 + 11*c + 10. Let v(w) = -3*w**3 + 9*w + 1. Let d(s) = -v(s) + y(s). Determine d(-5).
-26
Let r(h) = -3*h**3 - 2*h**2 + h + 2. Let u(z) = 71*z + 79*z - 139*z - 89. Let a be u(8). Determine r(a).
2
Let b(a) = -6*a - 1. Let t be (-3 - (-38)/8) + 2/8. Let m(u) = 32 + u + t*u - 32. Let g(h) = -3*b(h) - 7*m(h). What is g(3)?
-6
Let c(j) = -j**3 + 8*j**2 - 4*j + 4. Suppose 2*m - 4*w = -2, -12*m + 124 - 20 = 5*w. Give c(m).
25
Let f = 17 - 15. Suppose v + 11 = 5*s, -s - f*v = 2*s - 4. Let i(r) = -2*r**2 + 2*r**2 + r**3 + r - 2*r + 5*r**s. Determine i(-5).
5
Let n(r) = 9*r + 391. Let b(q) = 9*q + 338. Let c(l) = 4*b(l) - 3*n(l). Determine c(-20).
-1
Let j(w) = 167 + 171 - 290*w + 289*w + 168 - 506. Let v(i) = -i**2 - 5*i + 2. Let g be v(-5). Suppose -3*s + 5 = 2*o - o, 2*o = g*s + 10. Determine j(o).
-5
Suppose -a = 2*n - 240, -4*a + 14*n + 936 = 10*n. Let x(w) = 1 - 2 + 245*w - a*w - 1. Give x(-3).
-29
Let l(s) = -s**2 + 8*s - 4. Suppose -2*g - 5 = -g + 4*w, -4*g = 5*w - 2. Suppose -p + 3 + g = 0. What is l(p)?
8
Let s(g) be the third derivative of -g**8/20160 - 11*g**7/5040 - g**6/720 - 19*g**5/30 - 20*g**2 - 1. Let w(t) be the third derivative of s(t). What is w(-5)?
29
Let h(y) = 15*y + 10. Suppose 30*m - 40 = -100. Determine h(m).
-20
Let q(u) = u**3 - 101*u**2 + 658*u + 2. Let k be q(94). Let h(c) be the first derivative of -1/4*c**4 - 7/3*c**3 - k*c**2 + 8*c - 18. Determine h(-6).
-4
Suppose 0 = -3*f - m + 382, -111 + 491 = 3*f - m. Let i(x) = -38*x**2 + 33*x**2 - 2 + 129*x**3 + 4*x - f*x**3. Calculate i(3).
19
Let c be 1 + -1 - 0/(-8). Let v(h) = -3*h - 13 + h**3 + c*h**2 + 7 + h**2 + 7. Calculate v(-3).
-8
Let f(c) be the first derivative of 3*c**2 - 50*c + 2902. Calculate f(10).
10
Suppose -3*a + 24 = 0, -5*b + 11 + 36 = 4*a. Let v(r) = -3*r**3 + 7*r**2 + 7*r + 2. Determine v(b).
5
Let y(k) = 11*k**2 + 4*k + 6. Suppose -9*d + 15*d + 2 = 5*d. Determine y(d).
42
Let l be (40/12)/((-5)/((-120)/16)). Let q(g) = -7*g + 37. Give q(l).
2
Let h be (-12)/(-42) - (-8)/12*1887/(-238). Let p(o) = 10*o + 21. What is p(h)?
-29
Let t(x) = -x**3 - 5*x**2 - x - 6. Let r(h) be the second derivative of 2*h**3/3 - 77*h**2/2 - 6*h + 4. Let p be r(18). What is t(p)?
-1
Let n = 280 - 261. Let l(o) = -5*o - 7 + o**3 - 13*o**2 - 2*o + n*o + 1. Calculate l(12).
-6
Let l(s) = s**2 + 6*s + 5. Suppose 0 = -4*w + 15*h - 51, h = 2*w + 36 - 17. Calculate l(w).
32
Suppose 12 = -5*x - 13. Let p(s) = 31*s - 2. Let m(l) = 39*l - 2. Let k(w) = 4*m(w) - 5*p(w). Determine k(x).
-3
Let u be 16/(-3) - 100/(-300). Let t(j) = 5*j + 24. Determine t(u).
-1
Suppose -s - 5*g + 35 = 0, 0*s + 3*s - 86 = 4*g. Suppose 2*b = 7*b + s. Let l(n) = -4*n - 3*n**2 - 4 + 2 + 2*n**2. What is l(b)?
-14
Let h(a) = -60*a - 215*a**2 + 47*a + 202*a**2 - 10 + a**3. Give h(14).
4
Let d(z) = -47*z + 176*z - 86*z - 2 - 5 - 124*z. Calculate d(1).
-88
Let z(a) = 6*a. Let d(h) = -h**2 + 7*h - 1. Let j be d(5). Let n be 7*(4 - j - -4). Let r(o) = -4*o - 29. Let x be r(n). Calculate z(x).
-6
Let t(d) = 11*d + 428 + 428 + 425 + d**2 + 427 + 431 - 2128. Suppose 0*a + 27 = -3*a. What is t(a)?
-7
Suppose 5*h = -i + 27, -491*h = -3*i - 492*h + 11. Let x(w) be the second derivative of 5/6*w**3 - 3/2*w**i + 0 - 11*w - 1/12*w**4. Calculate x(2).
3
Let o(b) = 3*b + 92. Let r be o(-34). Let q(z) = z**3 + 493 - z + 10*z**2 - 488 + 2*z. Give q(r).
-5
Let h(s) be the first derivative of s**4/2 - 4*s**2 + 7*s + 596. Give h(1).
1
Let i(x) = -3*x**3 - 1. Suppose 0 = -5*m + 13 - 38. Let s be m*(0 - (-2)/(-10)). What is i(s)?
-4
Let h(b) = -2*b**2 + 35*b + 13. Let p be -72*(6/(-24) - 0)*1. What is h(p)?
-5
Suppose -41*y + 37*y + 144 = 0. Let o(u) = -32 + 0*u - 2*u + y. Calculate o(4).
-4
Suppose 3*d + 2*d = 15. Let t be ((-1)/(-4))/((-5)/360*-9). Let r(x) = -d - 10*x - t + 9*x. Determine r(4).
-9
Let w = 48 - 17. Let i = 23 - w. Let q(h) = 2*h**2 + 29*h + 6. Let r(m) = m**2 + 16*m + 3. Let u(j) = 3*q(j) - 5*r(j). Give u(i).
11
Let x(s) = 4 + 13 - 16*s + 11. Let p be x(2). Let q(h) = h**3 + 3*h**2 - 3*h - 1. Determine q(p).
-5
Let g(c) = 48*c**2 + 62 - 19*c**2 - 13*c**2 - 18*c**2 - 47*c. Give g(-25).
-13
Let k = 415 - 413. Suppose 5*a = -5*s + 25, 2*s - 6*s + 4 = 0. Suppose -4*u = -k*u - a. Let r(n) = 2*n. Calculate r(u).
4
Let f(p) = p + 1. Suppose -5*m - 8*z + 50 = -3*z, -24 = -2*m - 3*z. Suppose -m*n - n = -280. Suppose 4*t = 4*q + 32 + 8, n = 4*t + 5*q. What is f(t)?
11
Let a(p) = 3*p**2 - 7*p - 5. Let i(h) be the first derivative of -8*h**3/3 + 21*h**2/2 + 15*h + 27. Let j(c) = 11*a(c) + 4*i(c). Determine j(-4).
-7
Let k be 3/(-9) + 8/6. Let i(n) be the first derivative of -n**5/120 + 4*n**3/3 - 24. Let t(o) be the third derivative of i(o). Give t(k).
-1
Let d(k) be the second derivative of -2*k**3/3 + 3*k**2/2 - k. Let g = -280 + 292. Let s be 31/(-11) + g/(-66). Calculate d(s).
15
Let o(x